{"id":15,"date":"2015-04-20T00:14:00","date_gmt":"2015-04-19T22:14:00","guid":{"rendered":"http:\/\/nf.dpin.de\/?page_id=15"},"modified":"2021-06-15T12:20:59","modified_gmt":"2021-06-15T10:20:59","slug":"trans","status":"publish","type":"page","link":"https:\/\/www.dpin.de\/nf\/trans\/","title":{"rendered":"Trans*"},"content":{"rendered":"<p>Seit 2013 engagiere ich mich im Siegener Schwul-Lesbisch-Trans* Zentrum <a href=\"http:\/\/www.andersroom.de\" target=\"_blank\" rel=\"noopener noreferrer\">andersROOM.<\/a> , von Juni 2015 bis Juli 2020 war ich Mitglied des Vorstands.<br \/>\n<a href=\"http:\/\/www.andersroom.de\" target=\"_blank\" rel=\"noopener noreferrer\"><img loading=\"lazy\" decoding=\"async\" class=\"alignnone\" src=\"http:\/\/www.transgender-si.de\/images\/andersroom-logo.png\" alt=\"\" width=\"200\" height=\"85\" \/><\/a><\/p>\n<p>Im andersROOM habe ich seit Januar 2020 die <a href=\"https:\/\/andersroom.de\/beratung\/trans-beratung\/\" target=\"_blank\" rel=\"noopener\">Trans* Beratungsstelle<\/a> aufgebaut und betreue diese<\/p>\n<p>Seit M\u00e4rz 2014 betreue ich die dortige Transgender Selbsthilfegruppe &#8222;<a href=\"https:\/\/andersroom.de\/trans-siegerland\/\" target=\"_blank\" rel=\"noopener noreferrer\">Transgender Siegerland<\/a>&#8222;.<br \/>\n<a href=\"http:\/\/www.transgender-si.de\/\" target=\"_blank\" rel=\"noopener noreferrer\"><img loading=\"lazy\" decoding=\"async\" class=\"alignnone\" src=\"http:\/\/www.transgender-si.de\/images\/logo_transgender_si_nf.png\" alt=\"\" width=\"215\" height=\"60\" \/><\/a><\/p>\n<p>Seit August 2014 bin ich aktiv bei der Bundes-Vernetzung der Trans*Gruppen Trans*Aktiv.<a href=\"http:\/\/www.trans-aktiv.vernetzungsstelle.com\/\" target=\"_blank\" rel=\"noopener noreferrer\"><br \/>\n<img loading=\"lazy\" decoding=\"async\" class=\" size-medium wp-image-212 alignnone\" src=\"https:\/\/www.dpin.de\/nf\/wp-content\/uploads\/sites\/2\/2015\/04\/Trans-Aktiv-Logo-300x246.jpg\" alt=\"Trans-Aktiv-Logo\" width=\"300\" height=\"246\" srcset=\"https:\/\/www.dpin.de\/nf\/wp-content\/uploads\/sites\/2\/2015\/04\/Trans-Aktiv-Logo-300x246.jpg 300w, https:\/\/www.dpin.de\/nf\/wp-content\/uploads\/sites\/2\/2015\/04\/Trans-Aktiv-Logo.jpg 549w\" sizes=\"auto, (max-width: 300px) 100vw, 300px\" \/><\/a><\/p>\n<p><a href=\"http:\/\/www.dgti.info\" target=\"_blank\" rel=\"noopener noreferrer\"><img loading=\"lazy\" decoding=\"async\" class=\"alignleft wp-image-211\" src=\"https:\/\/www.dpin.de\/nf\/wp-content\/uploads\/sites\/2\/2015\/04\/g3677.png\" alt=\"g3677\" width=\"135\" height=\"91\" \/><\/a>Ich bin seit September 2014 Mitglied der &#8222;<a href=\"http:\/\/www.dgti.org\/\" target=\"_blank\" rel=\"noopener noreferrer\">Deutschen Gesellschaft f\u00fcr Transidentit\u00e4t und Intersexualit\u00e4t e.V.<\/a>&#8220; (dgti) und betreibe f\u00fcr die dgti in Siegen eine <a href=\"http:\/\/www.dgti.org\/beratungsstellen.html#nrw\" target=\"_blank\" rel=\"noopener noreferrer\">Beratungs- und Informationsstelle<\/a> f\u00fcr transidente, transsexuelle und intersexuelle Menschen. Seit Juni 2015 bin ich Mitglied des Vorstands der dgti.<\/p>\n<p>Seit M\u00e4rz 2015 vertrete ich die Transgender SHG Siegen und die dgti in der NRW Arbeitsgruppe der Trans* Selbsthilfe beim &#8222;Ministerium f\u00fcr Gesundheit, Emanzipation und Alter&#8220; <a href=\"http:\/\/www.mgepa.nrw.de\/emanzipation\/LSBTTI\/index.php\" target=\"_blank\" rel=\"noopener noreferrer\">(MGEPA) NRW<\/a> und betreue die Vernetzungs-Webseite <a href=\"http:\/\/trans-nrw.de\/\" target=\"_blank\" rel=\"noopener noreferrer\">Trans-NRW<\/a> mit.<\/p>\n<p><a href=\"http:\/\/www.tgeu.org\" target=\"_blank\" rel=\"noopener noreferrer\"><img loading=\"lazy\" decoding=\"async\" class=\"alignleft size-full wp-image-214\" src=\"https:\/\/www.dpin.de\/nf\/wp-content\/uploads\/sites\/2\/2015\/04\/tgeu_logo_small.png\" alt=\"tgeu_logo_small\" width=\"95\" height=\"55\" \/><\/a>Seit April 2015 bin ich Mitglied bei &#8222;Transgender Europe&#8220; (<a href=\"http:\/\/www.tgeu.org\" target=\"_blank\" rel=\"noopener noreferrer\">TGEU<\/a>).<\/p>\n<p>&nbsp;<\/p>\n<p><img loading=\"lazy\" decoding=\"async\" class=\"wp-image-1684 alignleft\" src=\"https:\/\/www.dpin.de\/nf\/wp-content\/uploads\/sites\/2\/2021\/01\/BVT-Logo-Kopie-300x109.png\" alt=\"\" width=\"256\" height=\"93\" srcset=\"https:\/\/www.dpin.de\/nf\/wp-content\/uploads\/sites\/2\/2021\/01\/BVT-Logo-Kopie-300x109.png 300w, https:\/\/www.dpin.de\/nf\/wp-content\/uploads\/sites\/2\/2021\/01\/BVT-Logo-Kopie-1024x372.png 1024w, https:\/\/www.dpin.de\/nf\/wp-content\/uploads\/sites\/2\/2021\/01\/BVT-Logo-Kopie-768x279.png 768w, https:\/\/www.dpin.de\/nf\/wp-content\/uploads\/sites\/2\/2021\/01\/BVT-Logo-Kopie-1536x558.png 1536w, https:\/\/www.dpin.de\/nf\/wp-content\/uploads\/sites\/2\/2021\/01\/BVT-Logo-Kopie-624x227.png 624w, https:\/\/www.dpin.de\/nf\/wp-content\/uploads\/sites\/2\/2021\/01\/BVT-Logo-Kopie.png 1748w\" sizes=\"auto, (max-width: 256px) 100vw, 256px\" \/>Am 23. August 2015 wurde der Bundesverband Trans* gegr\u00fcndet. Bei seiner Gr\u00fcndung durfte ich Gr\u00fcndungsmitglied sein und wurde in den ersten gesch\u00e4ftsf\u00fchrenden Vorstand gew\u00e4hlt.<\/p>\n<p>Von Dezember 2014 bis Oktober 2015 nahm ich an einer Qualifizierung zur Trans*-Beraterin an der Akademie Waldschl\u00f6sschen teil und schloss diese erfolgreich ab.<\/p>\n","protected":false},"excerpt":{"rendered":"<p>Seit 2013 engagiere ich mich im Siegener Schwul-Lesbisch-Trans* Zentrum andersROOM. , von Juni 2015 bis Juli 2020 war ich Mitglied des Vorstands. Im andersROOM habe ich seit Januar 2020 die Trans* Beratungsstelle aufgebaut und betreue diese Seit M\u00e4rz 2014 betreue ich die dortige Transgender Selbsthilfegruppe &#8222;Transgender Siegerland&#8222;. Seit August 2014 bin ich aktiv bei der Bundes-Vernetzung der Trans*Gruppen Trans*Aktiv. Ich&#8230; <a href=\"https:\/\/www.dpin.de\/nf\/trans\/\">Read more &raquo;<\/a><\/p>\n","protected":false},"author":1,"featured_media":0,"parent":0,"menu_order":0,"comment_status":"closed","ping_status":"open","template":"","meta":{"footnotes":""},"class_list":["post-15","page","type-page","status-publish","hentry"],"_links":{"self":[{"href":"https:\/\/www.dpin.de\/nf\/wp-json\/wp\/v2\/pages\/15","targetHints":{"allow":["GET"]}}],"collection":[{"href":"https:\/\/www.dpin.de\/nf\/wp-json\/wp\/v2\/pages"}],"about":[{"href":"https:\/\/www.dpin.de\/nf\/wp-json\/wp\/v2\/types\/page"}],"author":[{"embeddable":true,"href":"https:\/\/www.dpin.de\/nf\/wp-json\/wp\/v2\/users\/1"}],"replies":[{"embeddable":true,"href":"https:\/\/www.dpin.de\/nf\/wp-json\/wp\/v2\/comments?post=15"}],"version-history":[{"count":3,"href":"https:\/\/www.dpin.de\/nf\/wp-json\/wp\/v2\/pages\/15\/revisions"}],"predecessor-version":[{"id":1737,"href":"https:\/\/www.dpin.de\/nf\/wp-json\/wp\/v2\/pages\/15\/revisions\/1737"}],"wp:attachment":[{"href":"https:\/\/www.dpin.de\/nf\/wp-json\/wp\/v2\/media?parent=15"}],"curies":[{"name":"wp","href":"https:\/\/api.w.org\/{rel}","templated":true}]}}

<p>Seit 2013 engagiere ich mich im Siegener Schwul-Lesbisch-Trans* Zentrum <a href="http://www.andersroom.de" target="_blank" rel="noopener noreferrer">andersROOM.</a> , von Juni 2015 bis Juli 2020 war ich Mitglied des Vorstands.<br />
<a href="http://www.andersroom.de" target="_blank" rel="noopener noreferrer"><img loading="lazy" decoding="async" class="alignnone" src="http://www.transgender-si.de/images/andersroom-logo.png" alt="" width="200" height="85" /></a></p>
<p>Im andersROOM habe ich seit Januar 2020 die <a href="https://andersroom.de/beratung/trans-beratung/" target="_blank" rel="noopener">Trans* Beratungsstelle</a> aufgebaut und betreue diese</p>
<p>Seit März 2014 betreue ich die dortige Transgender Selbsthilfegruppe &#8222;<a href="https://andersroom.de/trans-siegerland/" target="_blank" rel="noopener noreferrer">Transgender Siegerland</a>&#8222;.<br />
<a href="http://www.transgender-si.de/" target="_blank" rel="noopener noreferrer"><img loading="lazy" decoding="async" class="alignnone" src="http://www.transgender-si.de/images/logo_transgender_si_nf.png" alt="" width="215" height="60" /></a></p>
<p>Seit August 2014 bin ich aktiv bei der Bundes-Vernetzung der Trans*Gruppen Trans*Aktiv.<a href="http://www.trans-aktiv.vernetzungsstelle.com/" target="_blank" rel="noopener noreferrer"><br />
<img loading="lazy" decoding="async" class=" size-medium wp-image-212 alignnone" src="https://www.dpin.de/nf/wp-content/uploads/sites/2/2015/04/Trans-Aktiv-Logo-300x246.jpg" alt="Trans-Aktiv-Logo" width="300" height="246" srcset="https://www.dpin.de/nf/wp-content/uploads/sites/2/2015/04/Trans-Aktiv-Logo-300x246.jpg 300w, https://www.dpin.de/nf/wp-content/uploads/sites/2/2015/04/Trans-Aktiv-Logo.jpg 549w" sizes="auto, (max-width: 300px) 100vw, 300px" /></a></p>
<p><a href="http://www.dgti.info" target="_blank" rel="noopener noreferrer"><img loading="lazy" decoding="async" class="alignleft wp-image-211" src="https://www.dpin.de/nf/wp-content/uploads/sites/2/2015/04/g3677.png" alt="g3677" width="135" height="91" /></a>Ich bin seit September 2014 Mitglied der &#8222;<a href="http://www.dgti.org/" target="_blank" rel="noopener noreferrer">Deutschen Gesellschaft für Transidentität und Intersexualität e.V.</a>&#8220; (dgti) und betreibe für die dgti in Siegen eine <a href="http://www.dgti.org/beratungsstellen.html#nrw" target="_blank" rel="noopener noreferrer">Beratungs- und Informationsstelle</a> für transidente, transsexuelle und intersexuelle Menschen. Seit Juni 2015 bin ich Mitglied des Vorstands der dgti.</p>
<p>Seit März 2015 vertrete ich die Transgender SHG Siegen und die dgti in der NRW Arbeitsgruppe der Trans* Selbsthilfe beim &#8222;Ministerium für Gesundheit, Emanzipation und Alter&#8220; <a href="http://www.mgepa.nrw.de/emanzipation/LSBTTI/index.php" target="_blank" rel="noopener noreferrer">(MGEPA) NRW</a> und betreue die Vernetzungs-Webseite <a href="http://trans-nrw.de/" target="_blank" rel="noopener noreferrer">Trans-NRW</a> mit.</p>
<p><a href="http://www.tgeu.org" target="_blank" rel="noopener noreferrer"><img loading="lazy" decoding="async" class="alignleft size-full wp-image-214" src="https://www.dpin.de/nf/wp-content/uploads/sites/2/2015/04/tgeu_logo_small.png" alt="tgeu_logo_small" width="95" height="55" /></a>Seit April 2015 bin ich Mitglied bei &#8222;Transgender Europe&#8220; (<a href="http://www.tgeu.org" target="_blank" rel="noopener noreferrer">TGEU</a>).</p>
<p>&nbsp;</p>
<p><img loading="lazy" decoding="async" class="wp-image-1684 alignleft" src="https://www.dpin.de/nf/wp-content/uploads/sites/2/2021/01/BVT-Logo-Kopie-300x109.png" alt="" width="256" height="93" srcset="https://www.dpin.de/nf/wp-content/uploads/sites/2/2021/01/BVT-Logo-Kopie-300x109.png 300w, https://www.dpin.de/nf/wp-content/uploads/sites/2/2021/01/BVT-Logo-Kopie-1024x372.png 1024w, https://www.dpin.de/nf/wp-content/uploads/sites/2/2021/01/BVT-Logo-Kopie-768x279.png 768w, https://www.dpin.de/nf/wp-content/uploads/sites/2/2021/01/BVT-Logo-Kopie-1536x558.png 1536w, https://www.dpin.de/nf/wp-content/uploads/sites/2/2021/01/BVT-Logo-Kopie-624x227.png 624w, https://www.dpin.de/nf/wp-content/uploads/sites/2/2021/01/BVT-Logo-Kopie.png 1748w" sizes="auto, (max-width: 256px) 100vw, 256px" />Am 23. August 2015 wurde der Bundesverband Trans* gegründet. Bei seiner Gründung durfte ich Gründungsmitglied sein und wurde in den ersten geschäftsführenden Vorstand gewählt.</p>
<p>Von Dezember 2014 bis Oktober 2015 nahm ich an einer Qualifizierung zur Trans*-Beraterin an der Akademie Waldschlösschen teil und schloss diese erfolgreich ab.</p>

<p>Seit 2013 engagiere ich mich im Siegener Schwul-Lesbisch-Trans* Zentrum andersROOM. , von Juni 2015 bis Juli 2020 war ich Mitglied des Vorstands. Im andersROOM habe ich seit Januar 2020 die Trans* Beratungsstelle aufgebaut und betreue diese Seit März 2014 betreue ich die dortige Transgender Selbsthilfegruppe &#8222;Transgender Siegerland&#8222;. Seit August 2014 bin ich aktiv bei der Bundes-Vernetzung der Trans*Gruppen Trans*Aktiv. Ich&#8230; <a href="https://www.dpin.de/nf/trans/">Read more &raquo;</a></p>
