{"id":44,"date":"2015-04-20T14:36:00","date_gmt":"2015-04-20T12:36:00","guid":{"rendered":"http:\/\/nf.dpin.de\/?page_id=44"},"modified":"2021-07-18T15:52:45","modified_gmt":"2021-07-18T13:52:45","slug":"ueber-mich","status":"publish","type":"page","link":"https:\/\/www.dpin.de\/nf\/ueber-mich\/","title":{"rendered":"\u00dcber mich"},"content":{"rendered":"<p><img loading=\"lazy\" decoding=\"async\" class=\" wp-image-4 alignleft\" src=\"https:\/\/www.dpin.de\/nf\/wp-content\/uploads\/sites\/2\/2015\/04\/nica-port-221x300.png\" alt=\"nica-port\" width=\"152\" height=\"206\" \/>Die Frage nach Identit\u00e4t wurde zu einem zentralen Teil meiner pers\u00f6nlichen Entwicklung. Jeder Mensch hat mehrere Identit\u00e4ten, mehrere Rollen, in denen man auftritt und manche haben auch, je nach Situation und Rolle, mehrere Schwerpunkte in ihrem t\u00e4glichen Leben und Erleben. Wir sind die Kinder unserer Eltern, Bruder oder Schwester, werden vielleicht irgendwann Tante oder Onkel, Vater oder Mutter, Oma oder Opa. Wir sind Mitsch\u00fcler_in, vielleicht Kommeliton_in, Kamerad_in, Ehemann oder Ehefrau, Angestellte_r, Chef_in oder ehrenamtliche_r Mitarbeiter_in. Diese Identit\u00e4ten k\u00f6nnen sehr unterschiedlich sein, sehr unterschiedliche Ausgestaltung erfordern, bilden selbst wiederum andere Kontexte, ver\u00e4ndern unser Handeln und die pers\u00f6nliche Entwicklung. Aspekte der einen flie\u00dfen in die Ausgestaltung der anderen ein.<\/p>\n<p>F\u00fcr mich hat die Frage nach Identit\u00e4t 2013 \/ 2014 sehr konkrete Formen angenommen und Ver\u00e4nderungen erfordert und gef\u00f6rdert, die seitdem meinem Leben ganz neue und ganz spannende Impulse gegeben haben.<\/p>\n<p>Den gr\u00f6\u00dften Teil hat bisher meine fachliche und berufliche Entwicklung eingenommen. Schon immer faszinierten mich Computer und blinkende Lichter, also wurde dies zu meiner Profession, zu meinem Gewerbe. Nach dem Abitur 1990 und Zivildienst studierte ich daher technische Informatik in Siegen, eine Mischung aus Elektrotechnik und Informatik. Ich wollte schon immer wissen, wie Dinge funktionieren, daher war eben auch die Elektronik f\u00fcr mich wichtig.<\/p>\n<p>Zudem war ich schon immer ein politischer Mensch. Ich glaube daran, dass es wichtig ist, sich eine Meinung zu bilden und diese auch im Diskurs zu vertreten. Nur so kann es gesamtgesellschaftlich eine Entwicklung zum Besseren geben, in der sich auch alle wiederfinden und vertreten f\u00fchlen. Ich scheue mich daher auch nicht, un\u00fcbliche und ungew\u00f6hnliche Wege zu gehen, dazu zu stehen und dies auch zu vertreten.<\/p>\n<p>Zusammen mit meiner politischen &#8222;Natur&#8220; f\u00fchrte mich dies recht bald zur freien Software. Quelloffene und freie Software ist mehr, als nur Computerprogramme zum kostenlosen herunterladen. Freie Software ist auch eine Philosophie, eine Kultur und ein gesamtgesellschaftliches, hoch politisches Thema. Also genau etwas f\u00fcr mich!<\/p>\n<p>Zusammen mit einem Uni Kommelitonen gr\u00fcndete ich dann 1999 eine kleine <a href=\"https:\/\/www.dpin.de\/nf\/beruf-firma\/\">Firma<\/a>. Wir wollten mit freier Software, haupts\u00e4chlich Linux, auf Plattformen, die keine PCs sind, Geld verdienen. Die Firma existiert heute (2016) nach wie vor und mittlerweile sind wir \u00fcber 10 Personen, die dort arbeiten und ihr Auskommen mit der Arbeit an und mit freier Software haben. 2017 habe ich die Firma allerdings verlassen und arbeite nun als CTO f\u00fcr <a href=\"https:\/\/puri.sm\">Purism<\/a>.<\/p>\n<p>Dies ist meine <a href=\"https:\/\/www.dpin.de\/nf\/computer-it-nerdine-geek\/\"><em>Identit\u00e4t als IT Mensch<\/em><\/a>, als politischer IT Mensch, mit Grunds\u00e4tzen und Zielen, die \u00fcber das reine Geld verdienen hinaus gehen.<\/p>\n<p>Die Politik selbst war entsprechend auch ein interessantes Feld f\u00fcr mich. Mit dem Aufkommen der <a href=\"https:\/\/www.piratenpartei.de\/\" target=\"_blank\" rel=\"noopener noreferrer\">Piraten Partei<\/a> hatte ich erstmals eine Partei, mit deren Zielen und Arbeitsweise ich mich identifizieren konnte und so wurde ich 2011 Mitglied. Ich habe mich lokal engagiert, die lokale Gruppe unterst\u00fctzt und wurde <a href=\"https:\/\/de.wikipedia.org\/wiki\/Landtagswahlkreis_Siegen-Wittgenstein_I\" target=\"_blank\" rel=\"noopener noreferrer\">2012 als Direktkanditat f\u00fcr die Landtagswahl NRW<\/a> und <a href=\"https:\/\/de.wikipedia.org\/wiki\/Bundestagswahlkreis_Siegen-Wittgenstein\" target=\"_blank\" rel=\"noopener noreferrer\">2013 als Direktkanditat f\u00fcr die Bundestagswahl<\/a> aufgestellt. Der Einblick in die Politik war f\u00fcr mich sehr aufschlussreich und spannend. Zur Zeit ruht dieser Teil allerdings etwas; warum, wird gleich deutlicher werden.<\/p>\n<p>Dies ist meine <em><a href=\"https:\/\/www.dpin.de\/nf\/politik\/\">politische Identit\u00e4t<\/a><\/em>.<\/p>\n<p>Dann kam das Jahr 2013 und eine fast 35 j\u00e4hrige Entwicklung brach sich Bahn. Bereits seit meiner Kindheit hatte ich das starke Gef\u00fchl, irgendwie anders zu sein, konnte es aber damals noch nicht konkret benennen. Ich merkte aber, dass einige meiner Interessen und Vorlieben irgendwie nicht mit den Erwartungen an mich \u00fcbereinzustimmen schienen. Als Kind habe ich dann allerdings dennoch versucht diese zu erf\u00fcllen, woher h\u00e4tte ich denn schon wissen sollen, was das alles zu bedeuten haben k\u00f6nnte? Mit der Pubert\u00e4t wurde es dann immer klarer, stand aber nun in noch krasserem Widerspruch zu meiner Umwelt und den jetzt noch st\u00e4rkeren Erwartungen.<\/p>\n<p>Diese Gef\u00fchle schleppte ich dann 35 Jahre mit mir herum und von Jahr zu Jahr wurde mir klarer, dass es nicht die Gef\u00fchle waren, die falsch waren, sondern zu versuchen, sie nicht zuzulassen, sie zu unterdr\u00fccken, beiseite zu schieben und lieber den Erwartungen anderer zu entsprechen. Der Druck wuchs. Doch etwa 2010 begann es belastend zu werden, auf eine Art, die auch meinen Alltag zu beeinflussen begann. Die Gedanken begannen nur noch um das eine Thema zu kreisen, die Konzentration auf meine Arbeit wurde immer schwerer und soziale Kontakte begannen zunehmend darunter zu leiden. Ich begann mich abzukapseln. Als wir 2013 von einer ausgedehnten USA Reise zur\u00fcckkehrten, merkte ich auf einmal, dass es so nicht mehr weitergehen konnte und ich etwas \u00e4ndern musste, egal was es kosten w\u00fcrde.<\/p>\n<p>Nach einigem Hin und her war dann mir und meiner Partnerin Anfang 2014 klar, was passieren musste &#8211; ich bin trans* und meine Geschlechtsidentit\u00e4t ist vielmehr die einer Frau, als die eines Mannes. Also wurden Pl\u00e4ne gemacht und umgesetzt. Seit dem 22. Mai 2014 lebe ich \u00f6ffentlich und privat so wie ich mich f\u00fchle, wie es endlich v\u00f6llig richtig und stimmig ist.<\/p>\n<p>Der lange Kampf mit mir selbst und die lange Besch\u00e4ftigung mit dem Thema, praktisch mein ganzes Leben lang, hat mich zu der Einsicht gebracht, dass es absolut richtig und wichtig war, diesen Schritt zu gehen und das ich es wohl schon fr\u00fcher getan h\u00e4tte, wenn ich mehr, andere und bessere Unterst\u00fctzung und Informationen vorgefunden h\u00e4tte. Genau dies m\u00f6chte ich nun mithelfen zu verbessern und engagiere mich daher ehrenamtlich in verschiedenen Gruppen und Organisationen.<\/p>\n<p>Dies ist meine <em><a href=\"https:\/\/www.dpin.de\/nf\/trans\/\">Trans* Identit\u00e4t<\/a><\/em>.<\/p>\n","protected":false},"excerpt":{"rendered":"<p>Die Frage nach Identit\u00e4t wurde zu einem zentralen Teil meiner pers\u00f6nlichen Entwicklung. Jeder Mensch hat mehrere Identit\u00e4ten, mehrere Rollen, in denen man auftritt und manche haben auch, je nach Situation und Rolle, mehrere Schwerpunkte in ihrem t\u00e4glichen Leben und Erleben. Wir sind die Kinder unserer Eltern, Bruder oder Schwester, werden vielleicht irgendwann Tante oder Onkel, Vater oder Mutter, Oma oder&#8230; <a href=\"https:\/\/www.dpin.de\/nf\/ueber-mich\/\">Read more &raquo;<\/a><\/p>\n","protected":false},"author":1,"featured_media":0,"parent":0,"menu_order":-1,"comment_status":"closed","ping_status":"open","template":"","meta":{"footnotes":""},"class_list":["post-44","page","type-page","status-publish","hentry"],"_links":{"self":[{"href":"https:\/\/www.dpin.de\/nf\/wp-json\/wp\/v2\/pages\/44","targetHints":{"allow":["GET"]}}],"collection":[{"href":"https:\/\/www.dpin.de\/nf\/wp-json\/wp\/v2\/pages"}],"about":[{"href":"https:\/\/www.dpin.de\/nf\/wp-json\/wp\/v2\/types\/page"}],"author":[{"embeddable":true,"href":"https:\/\/www.dpin.de\/nf\/wp-json\/wp\/v2\/users\/1"}],"replies":[{"embeddable":true,"href":"https:\/\/www.dpin.de\/nf\/wp-json\/wp\/v2\/comments?post=44"}],"version-history":[{"count":3,"href":"https:\/\/www.dpin.de\/nf\/wp-json\/wp\/v2\/pages\/44\/revisions"}],"predecessor-version":[{"id":1802,"href":"https:\/\/www.dpin.de\/nf\/wp-json\/wp\/v2\/pages\/44\/revisions\/1802"}],"wp:attachment":[{"href":"https:\/\/www.dpin.de\/nf\/wp-json\/wp\/v2\/media?parent=44"}],"curies":[{"name":"wp","href":"https:\/\/api.w.org\/{rel}","templated":true}]}}

Über mich

<p><img loading="lazy" decoding="async" class=" wp-image-4 alignleft" src="https://www.dpin.de/nf/wp-content/uploads/sites/2/2015/04/nica-port-221x300.png" alt="nica-port" width="152" height="206" />Die Frage nach Identität wurde zu einem zentralen Teil meiner persönlichen Entwicklung. Jeder Mensch hat mehrere Identitäten, mehrere Rollen, in denen man auftritt und manche haben auch, je nach Situation und Rolle, mehrere Schwerpunkte in ihrem täglichen Leben und Erleben. Wir sind die Kinder unserer Eltern, Bruder oder Schwester, werden vielleicht irgendwann Tante oder Onkel, Vater oder Mutter, Oma oder Opa. Wir sind Mitschüler_in, vielleicht Kommeliton_in, Kamerad_in, Ehemann oder Ehefrau, Angestellte_r, Chef_in oder ehrenamtliche_r Mitarbeiter_in. Diese Identitäten können sehr unterschiedlich sein, sehr unterschiedliche Ausgestaltung erfordern, bilden selbst wiederum andere Kontexte, verändern unser Handeln und die persönliche Entwicklung. Aspekte der einen fließen in die Ausgestaltung der anderen ein.</p>
<p>Für mich hat die Frage nach Identität 2013 / 2014 sehr konkrete Formen angenommen und Veränderungen erfordert und gefördert, die seitdem meinem Leben ganz neue und ganz spannende Impulse gegeben haben.</p>
<p>Den größten Teil hat bisher meine fachliche und berufliche Entwicklung eingenommen. Schon immer faszinierten mich Computer und blinkende Lichter, also wurde dies zu meiner Profession, zu meinem Gewerbe. Nach dem Abitur 1990 und Zivildienst studierte ich daher technische Informatik in Siegen, eine Mischung aus Elektrotechnik und Informatik. Ich wollte schon immer wissen, wie Dinge funktionieren, daher war eben auch die Elektronik für mich wichtig.</p>
<p>Zudem war ich schon immer ein politischer Mensch. Ich glaube daran, dass es wichtig ist, sich eine Meinung zu bilden und diese auch im Diskurs zu vertreten. Nur so kann es gesamtgesellschaftlich eine Entwicklung zum Besseren geben, in der sich auch alle wiederfinden und vertreten fühlen. Ich scheue mich daher auch nicht, unübliche und ungewöhnliche Wege zu gehen, dazu zu stehen und dies auch zu vertreten.</p>
<p>Zusammen mit meiner politischen &#8222;Natur&#8220; führte mich dies recht bald zur freien Software. Quelloffene und freie Software ist mehr, als nur Computerprogramme zum kostenlosen herunterladen. Freie Software ist auch eine Philosophie, eine Kultur und ein gesamtgesellschaftliches, hoch politisches Thema. Also genau etwas für mich!</p>
<p>Zusammen mit einem Uni Kommelitonen gründete ich dann 1999 eine kleine <a href="https://www.dpin.de/nf/beruf-firma/">Firma</a>. Wir wollten mit freier Software, hauptsächlich Linux, auf Plattformen, die keine PCs sind, Geld verdienen. Die Firma existiert heute (2016) nach wie vor und mittlerweile sind wir über 10 Personen, die dort arbeiten und ihr Auskommen mit der Arbeit an und mit freier Software haben. 2017 habe ich die Firma allerdings verlassen und arbeite nun als CTO für <a href="https://puri.sm">Purism</a>.</p>
<p>Dies ist meine <a href="https://www.dpin.de/nf/computer-it-nerdine-geek/"><em>Identität als IT Mensch</em></a>, als politischer IT Mensch, mit Grundsätzen und Zielen, die über das reine Geld verdienen hinaus gehen.</p>
<p>Die Politik selbst war entsprechend auch ein interessantes Feld für mich. Mit dem Aufkommen der <a href="https://www.piratenpartei.de/" target="_blank" rel="noopener noreferrer">Piraten Partei</a> hatte ich erstmals eine Partei, mit deren Zielen und Arbeitsweise ich mich identifizieren konnte und so wurde ich 2011 Mitglied. Ich habe mich lokal engagiert, die lokale Gruppe unterstützt und wurde <a href="https://de.wikipedia.org/wiki/Landtagswahlkreis_Siegen-Wittgenstein_I" target="_blank" rel="noopener noreferrer">2012 als Direktkanditat für die Landtagswahl NRW</a> und <a href="https://de.wikipedia.org/wiki/Bundestagswahlkreis_Siegen-Wittgenstein" target="_blank" rel="noopener noreferrer">2013 als Direktkanditat für die Bundestagswahl</a> aufgestellt. Der Einblick in die Politik war für mich sehr aufschlussreich und spannend. Zur Zeit ruht dieser Teil allerdings etwas; warum, wird gleich deutlicher werden.</p>
<p>Dies ist meine <em><a href="https://www.dpin.de/nf/politik/">politische Identität</a></em>.</p>
<p>Dann kam das Jahr 2013 und eine fast 35 jährige Entwicklung brach sich Bahn. Bereits seit meiner Kindheit hatte ich das starke Gefühl, irgendwie anders zu sein, konnte es aber damals noch nicht konkret benennen. Ich merkte aber, dass einige meiner Interessen und Vorlieben irgendwie nicht mit den Erwartungen an mich übereinzustimmen schienen. Als Kind habe ich dann allerdings dennoch versucht diese zu erfüllen, woher hätte ich denn schon wissen sollen, was das alles zu bedeuten haben könnte? Mit der Pubertät wurde es dann immer klarer, stand aber nun in noch krasserem Widerspruch zu meiner Umwelt und den jetzt noch stärkeren Erwartungen.</p>
<p>Diese Gefühle schleppte ich dann 35 Jahre mit mir herum und von Jahr zu Jahr wurde mir klarer, dass es nicht die Gefühle waren, die falsch waren, sondern zu versuchen, sie nicht zuzulassen, sie zu unterdrücken, beiseite zu schieben und lieber den Erwartungen anderer zu entsprechen. Der Druck wuchs. Doch etwa 2010 begann es belastend zu werden, auf eine Art, die auch meinen Alltag zu beeinflussen begann. Die Gedanken begannen nur noch um das eine Thema zu kreisen, die Konzentration auf meine Arbeit wurde immer schwerer und soziale Kontakte begannen zunehmend darunter zu leiden. Ich begann mich abzukapseln. Als wir 2013 von einer ausgedehnten USA Reise zurückkehrten, merkte ich auf einmal, dass es so nicht mehr weitergehen konnte und ich etwas ändern musste, egal was es kosten würde.</p>
<p>Nach einigem Hin und her war dann mir und meiner Partnerin Anfang 2014 klar, was passieren musste &#8211; ich bin trans* und meine Geschlechtsidentität ist vielmehr die einer Frau, als die eines Mannes. Also wurden Pläne gemacht und umgesetzt. Seit dem 22. Mai 2014 lebe ich öffentlich und privat so wie ich mich fühle, wie es endlich völlig richtig und stimmig ist.</p>
<p>Der lange Kampf mit mir selbst und die lange Beschäftigung mit dem Thema, praktisch mein ganzes Leben lang, hat mich zu der Einsicht gebracht, dass es absolut richtig und wichtig war, diesen Schritt zu gehen und das ich es wohl schon früher getan hätte, wenn ich mehr, andere und bessere Unterstützung und Informationen vorgefunden hätte. Genau dies möchte ich nun mithelfen zu verbessern und engagiere mich daher ehrenamtlich in verschiedenen Gruppen und Organisationen.</p>
<p>Dies ist meine <em><a href="https://www.dpin.de/nf/trans/">Trans* Identität</a></em>.</p>

<p>Die Frage nach Identität wurde zu einem zentralen Teil meiner persönlichen Entwicklung. Jeder Mensch hat mehrere Identitäten, mehrere Rollen, in denen man auftritt und manche haben auch, je nach Situation und Rolle, mehrere Schwerpunkte in ihrem täglichen Leben und Erleben. Wir sind die Kinder unserer Eltern, Bruder oder Schwester, werden vielleicht irgendwann Tante oder Onkel, Vater oder Mutter, Oma oder&#8230; <a href="https://www.dpin.de/nf/ueber-mich/">Read more &raquo;</a></p>
